e prime factors of p?
2, 3, 13
Let b(h) = h**3 + 282. Let d be b(0). What are the prime factors of d + -3*20/15?
2, 139
Suppose -3*b = -l + 29835, -2*b + 8515 = 4*l - 110741. List the prime factors of l.
3, 3313
Suppose 5*v + d = 13301 + 4798, 7266 = 2*v - 4*d. What are the prime factors of v?
3, 17, 71
Let g(k) = -2*k - 8. Let n be g(-4). Suppose n*d + 303 = d - 2*x, 2*d - 604 = 3*x. Suppose 3*r = 815 - d. List the prime factors of r.
2, 43
Let g(o) = -36*o + 92*o - 65*o - 52. List the prime factors of g(-25).
173
Let c(s) = -363*s - 17. Let l = -127 + 126. What are the prime factors of c(l)?
2, 173
Suppose 358*v - 182387 = 347*v + 29693. List the prime factors of v.
2, 5, 241
List the prime factors of (-10)/(-4)*21/(231/57970).
5, 17, 31
Let k(v) be the third derivative of v**5/12 + v**4/6 - 3*v**3/2 - 2*v**2 + 43*v. List the prime factors of k(-7).
2, 13
Suppose -12*n = 32*n - 24068. What are the prime factors of n?
547
Let q(z) be the first derivative of 2*z**5/15 - z**4/6 + 10*z**3/3 + 20. Let p(h) be the third derivative of q(h). List the prime factors of p(4).
2, 3, 5
Let i(v) = v**3 - 19*v**2 + 40*v - 15. Let p = -16 + 33. Let b be i(p). Suppose 0 = r - b - 59. List the prime factors of r.
2, 73
Suppose 206*n = -21*n + 3744138. What are the prime factors of n?
2, 3, 2749
Let l(s) = -2*s**2 + 22*s + 31. Let v be l(12). Suppose 3*f - v*a + 9*a = 666, 0 = -5*f + 3*a + 1110. What are the prime factors of f?
2, 3, 37
Suppose 7*z = 8*z - 6. Let t(w) = 2*w**2 + 18*w - 1. Let d be t(z). Let b = d - 88. List the prime factors of b.
7, 13
Suppose 19*z = -39801 + 167500. List the prime factors of z.
11, 13, 47
Suppose 96048 = -25*s + 43*s. List the prime factors of s.
2, 23, 29
Let d(m) be the first derivative of 10*m**3/3 - 5*m**2 - 11*m - 40. Let f be d(-6). List the prime factors of f/11 - (-6)/(-33).
37
Suppose m - 4*z + 12 = 0, -m = 2*m + 4*z - 12. Suppose m = 11*x - 19 - 25. Suppose -271 = -x*v - 0*s + 5*s, 207 = 3*v - 5*s. List the prime factors of v.
2
Suppose -5*r = -3*l + 6343, 14*l = 11*l + 2*r + 6328. List the prime factors of l.
2, 3, 13
Let m(a) = 5*a**2 + 10*a - 5. Let p(v) = -v**2 + 5*v. Let w be p(9). Let j = w + 31. List the prime factors of m(j).
2, 5, 7
Suppose -40 = -21*h + 17*h. Let y be 298/h - (-3)/15. What are the prime factors of y/20*(60 - 2)?
3, 29
Suppose -174*j + 5339212 = -35*j + 40*j. List the prime factors of j.
2, 7457
Let m(r) = -6*r + 35. Let b be m(6). Let v be b + (3/3 - -3). Suppose v*q - 4*u = -0*u + 648, -4*q + 833 = 5*u. List the prime factors of q.
2, 53
Let h(w) = 7*w + 6*w + 42 - w - w. Let y be h(-12). Let s = 171 + y. List the prime factors of s.
3
Suppose -30*i + 48*i - 3672 = 0. Let d = 1161 - i. What are the prime factors of d?
3, 11, 29
Suppose -2*u - 3776 = -2*w, 0*u + 4*u - 9440 = -5*w. List the prime factors of w.
2, 59
Let i(c) = -15*c + 9 - 6 + 12. Let x(k) = k + 1. Let s(l) = i(l) + 12*x(l). What are the prime factors of s(-7)?
2, 3
Let q(i) = 21*i**2 + i + 7387. What are the prime factors of q(0)?
83, 89
Let z be 15/(6/16*4). Suppose -z*t = -3202 + 42. What are the prime factors of t?
2, 79
Let u(i) = i**3 + 27*i**2 - 318*i - 105. List the prime factors of u(-34).
5, 523
Let a = -45 - -32. Let x = -26 - a. Let v(z) = z**2 + 9*z - 28. What are the prime factors of v(x)?
2, 3
Let w = 27173 + -6123. What are the prime factors of w?
2, 5, 421
Let s = -12407 - -18267. List the prime factors of s.
2, 5, 293
Suppose -k - 5*r + 37 - 9 = 0, 0 = r. List the prime factors of 1/7 - (768/k)/(-4).
7
Let l(b) = 5*b**2 - 20*b + 15. Let a be l(5). List the prime factors of 30/(-9)*-16*912/a.
2, 19
Let l(s) = 9*s**3 + 4*s**2 - 11*s - 18. Let x(d) = -7*d**3 - 3*d**2 + 11*d + 17. Let t(r) = -3*l(r) - 4*x(r). List the prime factors of t(7).
2, 3, 7
Let a be (-50)/(-10) - (2 + 0). Suppose -8*u = -4*k - a*u + 587, -4*k = u - 569. List the prime factors of k.
11, 13
Suppose 3*y - 10701 = 2*o, 4*o + 1537 = y - 2040. What are the prime factors of y?
5, 23, 31
What are the prime factors of 5/(-100)*-209768 - (-14)/(-10)?
10487
Suppose 3*v - 2716 = -574. What are the prime factors of (v/9 - 4) + (-2)/(-3)?
2, 19
Let j be -5 - (1 + 2) - -4 - -11. List the prime factors of (-76346)/(-59) - 1*j.
3, 11, 13
Let x = 57 - 3. Let t be ((-80840)/(-1410))/(((-16)/6)/(-2)). Let l = x - t. List the prime factors of l.
11
Suppose v + g + 340 = 0, 18*g - 1361 = 4*v + 21*g. Let i = -39 - v. What are the prime factors of i?
2, 151
Let g be -1 - -5 - (0 + 23). Let n = g - -277. What are the prime factors of n?
2, 3, 43
Let w(s) = -s**3 + 4*s**2 - 8*s + 35. Let d be w(4). Suppose 3*f - 6*f + 2*c + 418 = 0, -d*c = -5*f + 698. What are the prime factors of f?
2, 71
Suppose 2*m + 5 - 11 = 0, 2 = 5*q - m. Let j(x) = 600*x**2 - 3*x + 2. List the prime factors of j(q).
599
Suppose -7*h = 930 - 27. Let z = 34 - h. List the prime factors of z.
163
Suppose -18*d = 4*d - 43472. Let v = d - 1302. What are the prime factors of v?
2, 337
Suppose 594 = -3*a - 6*a. Let r be ((-1035)/10 + 4)*2. Let o = a - r. What are the prime factors of o?
7, 19
Let i = 12884 - 4643. What are the prime factors of i?
3, 41, 67
Let j(z) = -z**3 - 37*z**2 + 60*z + 400. What are the prime factors of j(-45)?
2, 5, 139
Let q(o) = -13*o + 13. Suppose -3*r + u + 16 = 0, -5*r = u + 2*u - 8. Suppose r*x + 17 = -7. List the prime factors of q(x).
7, 13
Let j be (-3)/(-5) + (-37)/(-5). Let u(r) = r**3 - 6*r**2 + 5*r. Let d be u(j). What are the prime factors of ((-123)/(-6))/(-3*(-4)/d)?
7, 41
Suppose 0 = -3*k - 54 + 216. List the prime factors of k/1*(-76)/(-12).
2, 3, 19
Suppose 1087 + 879 = q + f, -5*f = 3*q - 5908. List the prime factors of q.
37, 53
Let w(y) = -y**3 - 9*y**2 - 5*y. Suppose -5*c = 2*l + 42 + 163, -5*l - 220 = 5*c. Let o = c + 29. List the prime factors of w(o).
2, 3, 5
Let b(s) = -2819*s - 4279. What are the prime factors of b(-17)?
2, 3, 3637
Suppose 75*d + 3092 = 71*d. Let f = d - -1511. What are the prime factors of f?
2, 3, 41
Let s = 211 + 325. Let w = 983 - s. List the prime factors of w.
3, 149
List the prime factors of (-4)/(-32) + 5201190/720.
2, 3, 7, 43
Suppose 218 = 27*s - 1996. Suppose -3560 = -s*y + 74*y. List the prime factors of y.
5, 89
Suppose -s = -5*s + 2*o + 46642, -5*s = -2*o - 58302. What are the prime factors of s?
2, 5, 11, 53
Suppose 5*l = 3*a + 21, -4*l + 0*a + 18 = -3*a. Suppose -5*u + 3007 = l*x - 1409, -x - 2644 = -3*u. Suppose z - u = -5*z. What are the prime factors of z?
3, 7
Let d(l) = 243*l**2 + 18*l - 65. What are the prime factors of d(5)?
2, 5, 61
Let d = 281 + 3. Suppose 2*n = -l + 1163, -n + 5*l - d + 860 = 0. What are the prime factors of n?
7, 83
Suppose i - 19751 = -5*t, -5*i = t - 2271 - 1684. List the prime factors of t.
2, 5, 79
Suppose -3*q = 2*z - 2, 3*z - 13 = -0*q - 2*q. Suppose z*i - 1139 - 905 = 0. What are the prime factors of i?
2, 73
Suppose -11*p = -17*p + 1950. Suppose 0 = -x - n + 159, 5*n = 3*x - x - p. What are the prime factors of x?
2, 5
Let i(p) = 2682*p**3 + 3*p**2 - 21*p + 22. List the prime factors of i(2).
2, 7, 383
What are the prime factors of 76947/65 - (1 - 2)*(-32)/(-160)?
2, 37
Suppose 64 = 5*l + 2*b, -6*l = -l + 4*b - 58. Suppose -l*a = -12*a - 1020. What are the prime factors of a?
2, 3, 5, 17
Suppose -2*r + 10*r = -40. Let m be 9/(-2)*r/((-105)/(-2086)). Suppose -4*g + m - 99 = 0. What are the prime factors of g?
3, 29
Suppose 108 = -122*s + 128*s. Suppose -7358 - 6394 = -s*h. List the prime factors of h.
2, 191
Suppose 29*h = 37*h - 104. Suppose -2022 = 7*s - h*s. What are the prime factors of s?
337
Suppose -7*z = -22*z + 240. List the prime factors of z/(-28)*(-6)/((-24)/(-742)).
2, 53
Let s(n) be the second derivative of 5*n**4/6 - n**3/6 + 5*n**2/2 - 10*n. What are the prime factors of s(2)?
43
Let q = 4910 - 974. List the prime factors of q.
2, 3, 41
Let p(x) = -15*x**3 - 12*x**2 + 7*x + 45. List the prime factors of p(-4).
5, 157
Let o = -992 - -1744. What are the prime factors of o?
2, 47
Let n = -1 + 1. Let s(k) = -k**3 - k + 5. Let l be s(n). Suppose -m = 5*d - 53 - 47, -d = l*m - 20. What are the prime factors of d?
2, 5
Let a(r) = 3*r - 23. Let i be a(8). Let x be (i - 49) + (3 - 9/9). Let k = x - -60. What are the prime factors of k?
2, 7
Let h(k) = -k**3 - 18*k**